 f + 13, 2*f + 30 = -3*k. Let x(v) = v**3 + 9*v**2 + 8*v + 12. Calculate x(k).
12
Let w(o) be the third derivative of -o**5/20 - o**4/24 + 153*o**2. Let c = -39 + 40. Calculate w(c).
-4
Let t(b) be the third derivative of b**5/60 + b**4/24 - b**3/2 - 4*b**2. Let o be 7*2*1 - (21 - 17). Suppose -24*j + 26*j = -o. Give t(j).
17
Let v(g) = -2*g**3 + g**2 - g. Let l(k) = -7*k**3 - k**2 - 4*k - 5. Let o(n) = l(n) - 4*v(n). Suppose -3*x - a + 17 = -3*a, 0 = x + 5*a. What is o(x)?
-5
Suppose -162 = -3*y - 654. Let d = -169 - y. Let s(o) = -o**3 - 3*o**2 + 6*o + 1. Calculate s(d).
21
Suppose 0 = n - s - 80 - 35, 4*s = 5*n - 576. Let q be (2/(-6))/(-1)*(-125 + n). Let w(c) = -4*c**3 + 4*c**3 + 3 + 2*c**2 - 24*c + 26*c + c**3. Determine w(q).
-12
Suppose -82*k = -79*k + 12. Let d(f) = -11*f - 8. Let a(o) = -28*o - 17. Let l(v) = k*a(v) + 10*d(v). Give l(3).
-6
Let n(s) = -s**3 + 6*s**2 - s - 5. Let y = 25426 - 25426. Calculate n(y).
-5
Let v be 65/(-26)*(1 + 1). Let w(r) = 265 + r**2 + 4*r - 150 - 112. Determine w(v).
8
Let j(c) = -11*c - 87. Let v(s) = 35*s + 271. Let g(u) = 19*j(u) + 6*v(u). Calculate g(15).
-12
Suppose 0 = -2*q + 4*v - 2*v - 2, 2*v - 2 = 0. Suppose 8*t - 23 - 25 = q. Let h(u) = u**3 - 5*u**2 - 7*u + 4. Calculate h(t).
-2
Suppose 0 = 4*b - 3*y - 7, -7*b - 1 = -3*b + 5*y. Let v(o) = -o**3 - o**2. Let g(c) = c**3 + c**2 - 1. Let u(l) = b*g(l) + 2*v(l). Give u(-1).
-1
Let x(k) = 48*k**2 + 16*k - 17. Let j(i) = -17*i**2 - 5*i + 6. Let t(o) = 4*o - 98. Let w be t(26). Let u(g) = w*x(g) + 17*j(g). What is u(11)?
0
Let q(x) = x**3 + 3*x**2 - x + 7. Let y(f) = 4*f**3 + 22*f**2 - 18*f - 8. Let h(p) = 3*q(p) - y(p). Determine h(-14).
15
Let g(r) = r**3 - 7*r**2 - 5*r - 11. Let z be g(8). Let f(i) = 28 + 0*i**2 + z*i - i**2 + 27 - 53. What is f(13)?
2
Let w be (-2 - (-5)/5) + 3. Let i be ((-18)/24*w)/(3/4). Let u(y) = -y - 3. Give u(i).
-1
Let x(z) = z**3 - 6*z**2 + 3*z + 27. Suppose j + 11 = 2*q, -3*j - 33 + 44 = 5*q. Calculate x(q).
7
Suppose 8*n + 99 = 571. Let v(q) = -n*q - 10 + 4*q**2 + 7 + 64*q - q**3 - q**2. Let m = 8 - 4. What is v(m)?
1
Suppose 3*l + 0*l + 95 = -2*z, 220 = -5*z - 4*l. Let t be (-36)/10*z/(-24). Let o(g) = g**3 + 6*g**2 - 8*g - 9. Calculate o(t).
39
Suppose -2*p = 6*q + 8, -4 = -5*q + 7*q + p. Let b(v) be the third derivative of q*v + 25*v**2 + 0 - 11/6*v**3 + 1/24*v**4. Give b(10).
-1
Suppose -197 = -4*n + v + 56, 2*n = -3*v + 137. Let r = 63 - n. Let x(a) be the second derivative of -17*a**5/20 - a**4/12 + 7*a. Calculate x(r).
16
Let l(z) be the first derivative of -6*z**2 + 91*z + 197. Let q be l(7). Let w(r) = r**2 - 10*r + 9. Give w(q).
-12
Let b(r) = -4*r + 37 - 11*r + r**3 - 15*r**2 - 3*r. Let u be b(16). Let v(d) = d**3 - 4*d**2 - 2*d - 2. Calculate v(u).
13
Let t(r) = r**2 + 4*r - 5. Let u(l) = -l**2. Suppose -3*q + 0*q = 3. Let b(h) = -3*h**2 - 4*h + 5. Let n(p) = q*b(p) + 4*u(p). Let j be n(4). Calculate t(j).
0
Let f(k) = -2*k**2. Let j = 267 - 152. Suppose -j*v + 106*v - 18 = 0. Determine f(v).
-8
Let x(j) be the first derivative of j**3/3 + 3*j**2/2 - 43*j + 2699. Calculate x(-9).
11
Suppose 17*o + 141 - 549 = 0. Suppose 0 = 4*r - 3*r, -3*j - o = 5*r. Let u(b) = -b**3 - 9*b**2 - 6*b + 10. Determine u(j).
-6
Suppose -58*y = -62*y + 40. Let k(b) = -1040 + 9*b**2 + 1047 - y*b**2 + 15*b. Calculate k(15).
7
Let j(n) = 2*n**2 - 13*n - 4. Let m(i) = -5*i**2 + 39*i + 19. Let h(g) = -8*j(g) - 3*m(g). Give h(-11).
-3
Let q = 15/337 - -1655/674. Let d(b) be the second derivative of -2/3*b**3 - 1/20*b**5 - 6*b + q*b**2 + 0 - 1/2*b**4. Calculate d(-4).
-11
Suppose -16 = 3*o + 5*v, -9*o + 13*o = -2*v - 12. Let u(b) = -b**2 - b + 3. What is u(o)?
1
Let y(m) = 9*m - 2*m - 572*m**2 - 6 - 573*m**2 + 1146*m**2. What is y(-8)?
2
Suppose -91 = -3*l - 2*f, 0 = -3*l + 2*f + 148 - 65. Let n(r) = 9*r - 255. Determine n(l).
6
Let l be (-12)/3 + (-2 - -8) - -5. Let t(z) = -z**3 + 7*z**2 - 6*z - 2. Give t(l).
-44
Let d(k) = -3*k - 2 + 0*k - 3*k + k**2. Let g be ((-110)/(-275))/((-2)/40). Let y(p) = -p**3 - 8*p**2 - 6*p - 41. Let n be y(g). Calculate d(n).
5
Let j(a) = 5*a**3 + 4*a**2 - 2*a - 4. Let r(f) = f**2 + 7*f**3 - 56*f + 2 - 6 + 55*f + 2*f**2. Let l(s) = -4*j(s) + 3*r(s). Determine l(6).
-2
Let d(k) = -4*k - 1. Suppose -3*n + 3*c + 3 = 0, -3*c = -3*n - 4*c + 7. Suppose -408 = 3*x + 2*p, 5*x + n*p - p + 687 = 0. Let v = 139 + x. Determine d(v).
-5
Let m(a) = a**2 - 8*a - 7. Let t(n) = -n**3 - 11*n**2 - 9*n - 27. Let y be t(-11). Let x = 81 - y. What is m(x)?
2
Let v(b) = -19*b**3 - 28*b**2 - 6*b - 15. Let l(w) = 35*w**3 + 53*w**2 + 13*w + 30. Let n(f) = 6*l(f) + 11*v(f). Give n(-9).
-12
Let a = -10025 + 10027. Let x(j) = -8*j**3 - j**2 + 6*j - 4. Give x(a).
-60
Let o(f) = f**2 + 10*f + 7. Let j be o(-9). Let y be 123*(j - 21/(-9)). Let q = y - 46. Let x(k) = -k**2 - 6*k + 4. What is x(q)?
9
Let w(c) = 4*c - 3*c - 2*c. Suppose 3 = v + 2*v, m - 3*v + 12 = 0. Give w(m).
9
Let x(s) = -3*s + 15. Let b(t) = -t**3 + 5*t**2 + 28*t - 135. Let o be b(6). Let g(j) = -3*j + 13. Let v(h) = o*x(h) + 4*g(h). Determine v(6).
-11
Let k(z) = 13 - 18 - 469*z + 477*z. Calculate k(6).
43
Let p(x) = x - 3. Let f(v) = 3*v + 3. Let d(l) = 3*f(l) + 4*p(l). What is d(-1)?
-16
Let q(w) = w**2 + 7*w + 9. Suppose 0 = -2*r + 38 + 22. Suppose r*x - 12 = 32*x. Calculate q(x).
3
Suppose 0 = -2*h - 2*g - 44, -37*h - 4*g = -40*h - 52. Let j(a) = a**3 + 20*a**2 - 3. Calculate j(h).
-3
Let i(x) = x**2 + 2*x - 1. Let a(s) = -s**2 + 2*s + 9. Let o(f) = f**3 - 2*f**2 + 4. Let z be o(0). Let q be (4/6 - -2)/(z/6). Let m be a(q). Determine i(m).
2
Suppose -1 + 5 = 2*h. Suppose 8*q + h = 42. Let p(r) = -1 - 5*r + 2*r + 0*r**2 + q*r - 28*r**2. Calculate p(1).
-27
Let m(w) be the third derivative of -w**6/120 - w**5/10 - w**3/6 - w**2 - 90. Calculate m(-5).
-26
Suppose -7*t + 3364 = 3287. Let k(y) = y**3 - 11*y**2 + 26. What is k(t)?
26
Let y = -70 + 75. Let a be y + -1 + (26 - 32). Let z(j) = -3*j**3 - j - 1. Calculate z(a).
25
Let v(m) = -m**2 - 5*m - 6. Suppose 8*h = 4*h + 3*b - 39, b - 5 = 0. Let n be 3 - ((-60)/(-12) + h/(-2)). Calculate v(n).
-6
Let u(j) = 26*j - 495. Let i = 11186 - 11167. What is u(i)?
-1
Let v = -22 + 45. Suppose -3*j - v = -8. Let n(z) = z**3 - z - 1. Let t(a) = 4*a**3 + 6*a**2 + a. Let o(q) = 3*n(q) - t(q). Give o(j).
-8
Let w be (-2 - (-1 + -3))*(-327)/218. Let j(v) = 5*v**3 - 3*v**2 - 3*v - 2. Let i(f) = 4*f**3 - 3*f**2 - 2*f - 1. Let k(t) = 6*i(t) - 5*j(t). Calculate k(w).
-5
Let a(p) = 2*p**2 - 11*p - 58. Let i be a(9). Suppose 188*h - 189*h = i. Let r(v) = 2*v + 6. Determine r(h).
-4
Let u(g) = g**3 - 30*g**2 + 7*g + 28. Let w(p) = 3*p**3 - 85*p**2 + 21*p + 80. Let m(y) = 17*u(y) - 6*w(y). Calculate m(-3).
44
Let j(s) = -4*s**2 + s + 2. Let u(v) be the first derivative of -2*v + 13 + 5/3*v**3 + 0*v**2. Let t(o) = 4*j(o) + 3*u(o). Calculate t(4).
2
Let t(d) be the third derivative of d**5/120 - d**4/12 + 4*d**3/3 - 25*d**2. Let o(p) be the first derivative of t(p). Suppose 3*n - 9 - 12 = 0. Calculate o(n).
5
Let n = -479 - -677. Let t = n - 210. Let m(h) = h - 4. Determine m(t).
-16
Let o(v) be the first derivative of v**3/3 - 3*v**2/2 - 16*v + 1847. Give o(11).
72
Suppose 0 = 3*n - 10*n + 7. Let l(w) = w**2 + 13*w - 11. Let p be l(n). Let c(i) = 3*i - 6. Calculate c(p).
3
Let l(w) = w**3 + 7*w**2 - 1. Suppose -55*u - 26 - 83 = 276. Calculate l(u).
-1
Let i = -51 + -15. Suppose 3*y = -2*s + 214 - 14, -4*y + 268 = 2*s. Let w = i + y. Let o(l) = -l**3 + l**2 + 3*l - 3. Determine o(w).
-1
Suppose -80*z + 2220 = 54*z + 310*z. Let u(q) = -2*q**2 + 9*q - 11. Calculate u(z).
-16
Let i be (-3 - -2)/(4/(-8)). Let h(o) = -9 + 6 - i*o - 3. Suppose 6*w - 7*w - 4 = 0. Calculate h(w).
2
Let z(u) = u**3 + 7*u**2 + 3*u + 20. Let t be z(-7). Let n be (-2)/((-10)/(-15) + t). Let f(k) = 10*k + 5 - 17*k + 14*k - k**2. Give f(n).
11
Suppose 5*y = -3*t - 9, -4*y + 6*y + 9 = -3*t. Let b be t + (-12 - (7 + -15)). Let r(l) = l**2 + 4*l - 10. What is r(b)?
11
Let z(q) = -921*q**2 + 25 + 2787*q**2 - 939*q**2 - 926*q**2 + 16*q. Calculate z(-18).
61
Let n(z) be the third derivative of z**5/60 - 11*z**4/12 + 79*z**3/6 - 9279*z**2. Give n(18).
7
Let y(k) = -4*k**3 + 12*k**2 - 5*k - 7. Let b(v) = v**3 - 4*v**2 + 2*v + 2. Let x(t) = -7*b(t) - 2*y(t). Let a = 154 - 95. 